*r - 5*y + 17 = -3*r. Suppose -5*b + 7*b = r. Suppose -23 + b = -h. What is the units digit of h?
6
Suppose -6*s = -4*s - 48. Let w = s + -7. What is the tens digit of w?
1
Let l be 24/(-14)*(-21)/3. Suppose -2*o = o - l. Suppose 0*t - o = -2*t. What is the units digit of t?
2
What is the units digit of (-27)/(6/(-8) - 0)?
6
Let n(c) = -2 + 2 - c. Let q(u) = -4*u + 8. Let h(s) = -5*n(s) + q(s). What is the units digit of h(0)?
8
Let i be (1 - 3)*6/(-4). Suppose i*w + 18 = 4*w. What is the units digit of w?
8
Suppose -2*f = 2*f + 444. Let v = -74 - f. What is the units digit of v?
7
Let h = -226 - -617. What is the tens digit of h?
9
Suppose -25 = 5*l, -5*h + 2*l + l = -335. What is the units digit of (h/24)/(1/6)?
6
Suppose -6*l + 10*l = 324. What is the tens digit of l?
8
Suppose 4*g - 896 = -308. What is the units digit of g?
7
Let s = 3 - -29. What is the tens digit of s?
3
Suppose 3*l + 6*l = 1926. What is the units digit of l?
4
Suppose 4 - 6 = -n. What is the units digit of n/(-3) - (-104)/12?
8
Suppose 4*a + k = 98, 2*a + 92 = 6*a - 2*k. What is the units digit of a?
4
Let w = -13 + 69. Let j = 3 - -1. What is the tens digit of 0 + 2 + w/j?
1
Let z(c) = -3*c - c**3 - 1 + 6*c**2 - 6*c**2. What is the tens digit of z(-2)?
1
Suppose w - 243 = -4*r, -4*r - 5*w + 300 = r. What is the tens digit of r?
6
Let p(v) be the first derivative of -v**3/3 - 4*v**2 - 4*v - 1. Let t be p(-6). Suppose 0 = 3*b - 6*c + c - 46, -4*b - 4*c = -t. What is the units digit of b?
7
Suppose -5*t - 5 = 10, 0 = 5*a + 5*t + 25. What is the units digit of (a/(-6))/((-4)/(-48))?
4
Suppose 2*u + 2*u = 16. Suppose 0*q - q = 3*t - 20, -3*t = -u*q - 10. What is the units digit of t?
6
Let v be (-16 - -17)*(-1 + 0/(-1)). Let o(i) = -48*i**3 + i**2 + i - 1. Let d be o(1). What is the tens digit of v/(-4) + d/(-4)?
1
Let a(l) = l**3 - 8*l**2 + 9*l - 9. Suppose -29 + 0 = -2*b + 5*m, -4*m - 33 = -3*b. What is the units digit of a(b)?
5
Let z = 4 + 0. Suppose 0 = -0*l - z*l + 12. What is the tens digit of (l*1)/(3/14)?
1
Let h = 3 - 4. What is the tens digit of (1 + -11)/(0 + h)?
1
Let x(w) = w**2 + 14*w + 11. What is the units digit of x(-14)?
1
Suppose 20 = -p - 4*p. Let k = p - -2. What is the units digit of ((-1)/(-2))/(k/(-24))?
6
Suppose 0 = 3*l - 12, l - 24 = -5*m + 10. Suppose m*n - 205 = n. Suppose -4*s = 2*z - 50, 3*s + 5*z + 0*z = n. What is the units digit of s?
2
Let p = 16 + -14. Suppose -p*k - 18 = -5*k. What is the units digit of k?
6
Suppose 0 = -5*f + 2*f + 9. Suppose -4*d - 2*k + 42 = 0, -4*d + 3*d - f*k = -18. What is the units digit of d?
9
Let f(x) = x**3 - 4*x**2 + 3. Let a be f(3). Let j = a + 5. What is the units digit of j*5*(1 - 2)?
5
Let i(s) = -2*s**3 - s - 1. Let u be i(-1). Let o be (-3 - (-4 - -3))/(-1). Suppose x + u*m = 0, -3*x + o*m = -16 - 0. What is the units digit of x?
4
Suppose -8 = -2*m + 10. What is the units digit of m?
9
Suppose 26 = r + 2*b, 4*b = -3*r - 0*r + 68. What is the tens digit of r?
1
Let m be (-1)/5 + (-963)/(-15). Suppose -w - 4 = b + 4*b, 3*w - 4*b = m. What is the tens digit of w?
1
Let j(z) be the first derivative of z**3/3 - 2*z**2 - 4. Let g be j(5). What is the tens digit of g/(-15) + 116/6?
1
Let x(u) = 4*u + 1. Let y be x(1). Suppose 6 = y*l - 4. What is the units digit of l?
2
Let s(m) = 40*m + 2. What is the tens digit of s(1)?
4
Suppose 3*y = 1 + 20. Let n be (2 - 1/1)*y. What is the tens digit of (-4 + n)/((-6)/(-28))?
1
Let v = -50 - -172. What is the tens digit of v?
2
Let n = -2 + 2. Suppose -z + 6*z = n. Suppose -d = -8 - z. What is the units digit of d?
8
Let j be (26 - 2)*(-3)/(-6). Suppose -2*s - j = -6*s. What is the units digit of s?
3
What is the units digit of ((-533)/26)/(13/(-6) - -2)?
3
Let t be (1/(-2))/((-2)/12). Suppose 0*g = g - 2. Suppose -j = t*u - g, -j - u = -2*u - 10. What is the units digit of j?
8
Let o(i) = -3*i + 1. Suppose -4 = 5*t - 4*t. What is the units digit of o(t)?
3
Suppose 26 + 10 = -2*f. Let y be 8/(-4 + 2) - -33. Let z = f + y. What is the units digit of z?
1
Let c be 204/(-33) + 2/11. Let i = -5 - c. What is the units digit of i?
1
Suppose 0 = -3*g - 6*y + 4*y + 14, -4*g + 4*y + 32 = 0. What is the units digit of g?
6
Let a(x) = -3 + 0*x - 6*x + 3*x - 4*x. What is the units digit of a(-3)?
8
Suppose 4*d + d + 4*o = 187, 4*o = -d + 47. What is the tens digit of d?
3
Let i(a) = a + 1. Let b(n) = 15*n - 3. Let p(c) = -b(c) - 4*i(c). What is the tens digit of p(-2)?
3
Let b(u) be the first derivative of u**4/4 + 4*u**3/3 - u**2/2 - u + 1. What is the units digit of b(-4)?
3
Suppose 3*w - w = 92. Suppose -2*f - 14 + w = 0. What is the units digit of f?
6
Let b = -34 + 20. Let s = 16 + -20. What is the units digit of 27/21 - s/b?
1
Let h be (-6)/4 - 15/(-10). Suppose -4*j - 3*g = -171, h*j + 4*j - 189 = 3*g. What is the units digit of j?
5
What is the units digit of -9*(-1)/3 - -1 - -24?
8
Let j(b) be the third derivative of b**4/24 - 7*b**3/6 - 10*b**2. What is the units digit of j(9)?
2
What is the units digit of 50/4 + (-45)/(-18)?
5
Let r(k) = k**3 - 15*k**2 + 18*k + 1. What is the units digit of r(14)?
7
Let z(r) = 4*r**2 - 4*r + 7. Let g(f) = -5*f**2 + 4*f - 8. Let i(t) = -3*g(t) - 4*z(t). Let v be i(4). What is the units digit of (-4)/(1*v/6)?
6
Let s(v) = -3*v**2 + 3*v - 2. Let k be s(2). What is the units digit of (-2)/4 + (-100)/k?
2
What is the units digit of (54/(-15))/(1/(-5))?
8
Let h(b) = -b**2 - 7*b - 1. Suppose -4*a + 0 = 20. What is the units digit of h(a)?
9
Let y(d) = -6 + 5*d**3 + 0*d**2 - 5*d**2 - 4*d**3 - 5*d. Let z be y(6). Suppose k + 2 = i, 5*i - 4*k = -z*i + 12. What is the units digit of i?
4
Suppose -t - 151 = -4*j, -j - 6 = -3*t - 30. What is the units digit of j?
9
Suppose -20*b = -16*b - 404. What is the hundreds digit of b?
1
Suppose 3*c - 5*c + 72 = 4*f, -4*c + 94 = -2*f. Suppose -c = -4*r - 5*x + 71, 66 = 3*r - 3*x. What is the tens digit of r?
2
Let f(n) = n**2 + 2*n - 1. Let p be f(1). Suppose 3*r + 4*j = -24, -p*r + j = 6 + 21. Let w = -6 - r. What is the units digit of w?
6
Suppose 3*r = 17*r. Suppose 5*c - 29 = 26. Let l = c - r. What is the units digit of l?
1
Suppose 7*l - 2*l = -u - 16, 4*u - 2*l + 42 = 0. Let i(o) = -o**2 - 11*o + 12. What is the tens digit of i(u)?
1
Suppose -a = 2*a + 2*p + 8, 25 = 5*p. Let g(h) = -h**3 - 5*h**2 + 5*h + 1. What is the units digit of g(a)?
7
Let j = 133 - 79. What is the tens digit of j?
5
Let t(g) = -g**3 + 6*g**2 + g - 7. Let f be t(6). Let h be ((-1)/f)/((-3)/6). What is the units digit of -7*(1 + h) - 0?
7
Suppose 31 = 3*b - 32. Suppose -k = -2*k + b. What is the tens digit of k?
2
Suppose 3*f - 2*f = 0. Let x(v) = 3 - 3*v**2 + 2*v**2 - 2. What is the units digit of x(f)?
1
Suppose -6*h + 719 = 17. What is the units digit of h?
7
Let b(k) = 12*k - 2. What is the tens digit of b(3)?
3
Let r = 66 + -38. What is the tens digit of r?
2
Suppose 50 - 6 = 4*m. What is the tens digit of m?
1
Suppose q - 3 = -2*c, 5*q - 4*q = 3*c + 8. Suppose q*f - 33 = -5*h + 2*f, -4*f = -3*h + 14. What is the units digit of h?
6
What is the units digit of (-50)/(((-1)/2)/((-98)/(-28)))?
0
Suppose 5*w - 13 = -4*t + 2*t, 18 = 5*w - 3*t. Suppose 4*g - 25 = -5*z, 7 = 2*z - w*g + 20. Suppose 0 + z = m. What is the units digit of m?
1
Let q = 13 + -5. What is the units digit of -2 - q*(0 + -1)?
6
Let p(o) = 3*o**2 - 1. Let k be p(-1). Suppose -k*h + 31 = -5. What is the tens digit of h?
1
Suppose 0*o = 7*o - 217. What is the units digit of o?
1
Let l = -35 + 89. What is the units digit of (l/12)/((-2)/(-12))?
7
Suppose 1 = 3*v - 2. Let w be -15*-2*v/6. Suppose 2*q - 32 = -5*r, -w*r - 2*q + 29 = -3*q. What is the units digit of r?
6
Let w = -10 + 12. Suppose -4*x + 54 = 2*u - w*x, 4*x + 12 = u. What is the tens digit of u?
2
Let p(q) = 2*q**2 + 2*q - 1. What is the tens digit of p(2)?
1
Let j = 20 + 20. What is the units digit of j?
0
Let w = -7 + 4. Let z be 3 - w/(-1) - -4. What is the units digit of (1 - 0)*(z - 1)?
3
Suppose 9*l - 551 = 1078. What is the tens digit of l?
8
Let z be (-6)/(-30) - (-34)/5. Suppose h = -5*s + 27, z = 5*s - 8. What is the units digit of h?
2
Let u(x) = 18*x**2 + x. What is the tens digit of u(2)?
7
Let x = 28 + -18. Let m = x - 1. What is the units digit of m?
9
Let x = -38 - -77. What is t